lions digit of 5838073?
5
What is the ten thousands digit of 592061?
9
What is the hundred thousands digit of 609498?
6
What is the hundreds digit of 664426?
4
What is the tens digit of 19140?
4
What is the tens digit of 1958936?
3
What is the ten thousands digit of 5082901?
8
What is the ten thousands digit of 234478?
3
What is the units digit of 760261?
1
What is the hundred thousands digit of 195213?
1
What is the hundreds digit of 149128?
1
What is the hundreds digit of 691273?
2
What is the units digit of 19414?
4
What is the hundreds digit of 1287470?
4
What is the units digit of 1961808?
8
What is the hundred thousands digit of 843337?
8
What is the hundred thousands digit of 674244?
6
What is the millions digit of 5831470?
5
What is the ten thousands digit of 66125?
6
What is the ten thousands digit of 533768?
3
What is the tens digit of 388835?
3
What is the thousands digit of 403218?
3
What is the ten thousands digit of 238379?
3
What is the tens digit of 296322?
2
What is the ten thousands digit of 171025?
7
What is the thousands digit of 21097?
1
What is the hundreds digit of 11126063?
0
What is the ten thousands digit of 47722?
4
What is the millions digit of 6754273?
6
What is the tens digit of 3504138?
3
What is the hundreds digit of 4022565?
5
What is the thousands digit of 61721?
1
What is the units digit of 13232800?
0
What is the ten thousands digit of 26163123?
6
What is the thousands digit of 392172?
2
What is the hundreds digit of 605448?
4
What is the ten thousands digit of 169468?
6
What is the millions digit of 20728140?
0
What is the tens digit of 7863110?
1
What is the hundred thousands digit of 368668?
3
What is the tens digit of 2511409?
0
What is the millions digit of 1139711?
1
What is the millions digit of 25345862?
5
What is the ten thousands digit of 732002?
3
What is the hundreds digit of 38419?
4
What is the hundred thousands digit of 147385?
1
What is the hundreds digit of 2949928?
9
What is the hundreds digit of 8001555?
5
What is the hundred thousands digit of 2207569?
2
What is the thousands digit of 468632?
8
What is the thousands digit of 390063?
0
What is the hundred thousands digit of 265967?
2
What is the tens digit of 14072661?
6
What is the hundred thousands digit of 190874?
1
What is the millions digit of 10219535?
0
What is the thousands digit of 216832?
6
What is the thousands digit of 6169936?
9
What is the units digit of 187448?
8
What is the ten thousands digit of 1589046?
8
What is the thousands digit of 617850?
7
What is the millions digit of 23006194?
3
What is the hundreds digit of 90552?
5
What is the hundreds digit of 313156?
1
What is the thousands digit of 3392199?
2
What is the units digit of 342403?
3
What is the millions digit of 13931803?
3
What is the units digit of 946529?
9
What is the hundred thousands digit of 3571863?
5
What is the ten thousands digit of 5389128?
8
What is the units digit of 28947172?
2
What is the hundreds digit of 3483524?
5
What is the thousands digit of 215527?
5
What is the ten thousands digit of 16328273?
2
What is the hundred thousands digit of 529064?
5
What is the units digit of 9786050?
0
What is the millions digit of 12427751?
2
What is the tens digit of 294274?
7
What is the hundreds digit of 212771?
7
What is the thousands digit of 1091394?
1
What is the millions digit of 17829431?
7
What is the hundred thousands digit of 16398943?
3
What is the hundred thousands digit of 1103547?
1
What is the thousands digit of 2985169?
5
What is the hundreds digit of 155243?
2
What is the thousands digit of 2051392?
1
What is the ten thousands digit of 19139?
1
What is the tens digit of 16013485?
8
What is the hundreds digit of 317474?
4
What is the ten thousands digit of 2767029?
6
What is the ten thousands digit of 188023?
8
What is the hundreds digit of 800301?
3
What is the ten millions digit of 45655403?
4
What is the hundreds digit of 11619070?
0
What is the ten thousands digit of 75038?
7
What is the hundreds digit of 24730430?
4
What is the millions digit of 1977863?
1
What is the thousands digit of 1299215?
9
What is the tens digit of 22860717?
1
What is the units digit of 16972?
2
What is the hundreds digit of 247890?
8
What is the hundreds digit of 290375?
3
What is the units digit of 56674?
4
What is the hundred thousands digit of 993134?
9
What is the tens digit of 9277463?
6
What is the units digit of 860973?
3
What is the tens digit of 1544718?
1
What is the ten thousands digit of 311165?
1
What is the units digit of 489375?
5
What is the hundred thousands digit of 13539417?
5
What is the ten thousands digit of 1966345?
6
What is the ten thousands digit of 7420585?
2
What is the thousands digit of 1368889?
8
What is the units digit of 188704?
4
What is the thousands digit of 1615353?
5
What is the tens digit of 123143?
4
What is the millions digit of 1313166?
1
What is the hundreds digit of 920105?
1
What is the hundreds digit of 13855465?
4
What is the hundred thousands digit of 222834?
2
What is the hundreds digit of 937585?
5
What is the ten thousands digit of 16510878?
1
What is the thousands digit of 682830?
2
What is the ten thousands digit of 13875425?
7
What is the hundreds digit of 10549?
5
What is the ten thousands digit of 409538?
0
What is the units digit of 440288?
8
What is the tens digit of 1288238?
3
What is the tens digit of 20692042?
4
What is the hundred thousands digit of 814801?
8
What is the units digit of 6702049?
9
What is the tens digit of 3178185?
8
What is the millions digit of 4170791?
4
What is the ten thousands digit of 2215256?
1
What is the tens digit of 215764?
6
What is the tens digit of 127911?
1
What is the ten thousands digit of 325522?
2
What is the hundreds digit of 11798678?
6
What is the thousands digit of 5860868?
0
What is the units digit of 477203?
3
What is the units digit of 434593?
3
What is the units digit of 262899?
9
What is the tens digit of 200454?
5
What is the ten millions digit of 22607159?
2
What is the hundreds digit of 3687?
6
What is the hundreds digit of 1125282?
2
What is the millions digit of 2248193?
2
What is the hundred thousands digit of 5271009?
2
What is the tens digit of 27295803?
0
What is the hundreds digit of 356875?
8
What is the tens digit of 6207331?
3
What is the millions digit of 9769706?
9
What is the thousands digit of 16442998?
2
What is the thousands digit of 34626?
4
What is the ten thousands digit of 646886?
4
What is the ten thousands digit of 272263?
7
What is the thousands digit of 4954531?
4
What is the millions digit of 1322559?
1
What is the tens digit of 495580?
8
What is the tens digit of 79067?
6
What is the hundreds digit of 642049?
0
What is the hundred thousands digit of 476248?
4
What is the hundreds digit of 1066220?
2
What is the ten thousands digit of 208826?
0
What is the hundreds digit of 30004?
0
What is the ten thousands digit of 8259381?
5
What is the units digit of 167628?
8
What is the hundred thousands digit of 227644?
2
What is the thousands digit of 8177489?
7
What is the tens digit of 3135731?
3
What is the hundred thousands digit of 1408353?
4
What is the tens digit of 404016?
1
What is the tens digit of 994684?
8
What is the tens digit of 3634257?
5
What is the units digit of 848519?
9
What is the tens digit of 4773061?
6
What is the millions digit of 7087412?
7
What is the hundred thousands digit of 10356732?
3
What is the units digit of 88093?
3
What is the thousands digit of 313530?
3
What is the hundred thousands digit of 1980165?
9
What is the hundreds digit of 63704?
7
What is the tens digit of 77168?
6
What is the hundred thousands digit of 1305245?
3
What is the millions digit of 6315899?
6
What is the ten millions digit of 20438262?
2
What is the hundreds digit of 7093048?
0
What is the hundreds digit of 868050?
0
What is the thousands digit of 11443227?
3
What is the ten thousands digit of 2864055?
6
What is the hundred thousands digit of 198685?
1
What is the hundreds digit of 38904?
9
What is the ten thousands digit of 7876918?
7
What is the thousands digit of 5483383?
3
What is the units digit of 936906?
6
What is the tens digit of 14372947?
4
What is the thousands digit of 1392813?
2
What is the tens digit of 40302